b**3 + b**2 - 3*b + 3. Let g be v(1). Suppose g = 23*p - 2*p. What is the greatest common divisor of f and p?
19
Let z be (184/(-32) - -7) + 9/12. Suppose u - 9*j = -10*j + 100, 3*u = z*j + 320. Calculate the highest common divisor of 364 and u.
52
Let w = 468 - 465. Suppose w = -k - k - 3*p, -4*k - 5*p - 1 = 0. Let u(c) = c. Let d be u(3). Calculate the greatest common divisor of k and d.
3
Let i be ((-17)/(-3))/((-3)/(-9)). Let l = i - 13. Suppose l*a + 3*w = 7, 0 = -2*w + w + 1. What is the highest common factor of 7 and a?
1
Let i be (1 - (-2)/(-4))/((-2)/224). Let d = 89 + i. What is the greatest common factor of d and 11?
11
Let c(r) be the third derivative of -25*r**4/12 - 85*r**3/3 - 17*r**2. Let m be c(-8). What is the greatest common divisor of 20 and m?
10
Let i be (-4)/14 - 16/(-56). Let a be (-2 + -2 - i)*-6. Let j(r) = 16*r**3 - 4*r**2 + 20*r - 32. Let v be j(2). What is the greatest common divisor of v and a?
24
Suppose 3*d = -5*l + 708, -d - 8*l + 216 = -13*l. Suppose 5*u = k - 57, -46 + 166 = 3*k + 2*u. Calculate the highest common factor of d and k.
21
Let n(d) = d**3 - 19*d**2 + 47*d - 82. Let h be n(17). Calculate the highest common divisor of 5 and h.
1
Let f(x) = 156*x - 2298. Let c be f(15). What is the greatest common divisor of 1701 and c?
21
Suppose 3*n + 48 = 3*i, 0*n = -5*n + 3*i - 88. Let p be (16/n)/((-4)/10). Suppose -p*q = -8*q + 60. Calculate the highest common factor of q and 110.
10
Suppose 0 = 2*z - 0*z - 148. Suppose -77*i = -z*i - 120. Suppose 0 = -42*f + i*f + 52. What is the greatest common factor of 2 and f?
2
Let l = -91 - -92. Let r(t) = 88*t**3 - 5*t**2 + 3*t - 2. Let p be r(l). Calculate the highest common factor of 224 and p.
28
Suppose -113*a + 114*a = 8. Suppose 0 = -a*k - 61 + 477. What is the highest common divisor of k and 4?
4
Let a be -2*3*1*1600/(-480). Calculate the highest common divisor of 495 and a.
5
Let c(k) = k**2 + 14*k - 83. Let r be c(-19). Suppose s = r + 37. Calculate the greatest common factor of s and 14.
7
Suppose -14*g - 9*g + 248040 = 29*g. Calculate the greatest common factor of g and 45.
45
Let i be ((-66)/77)/((-1)/14). Suppose -i*m + 4*m = -280. Let t = 31 + m. What is the greatest common factor of t and 33?
33
Let n be (-8 + 219)*(-2 + 1)*-3. What is the highest common divisor of n and 6?
3
Suppose -6828 = -79*o + 4469. What is the highest common divisor of 143 and o?
143
Let k = 4268 - 2985. Let b = 1859 - k. What is the greatest common divisor of b and 9?
9
Suppose 460 = 4*k - 4*l, 5*l = -76*k + 80*k - 456. Let r(s) = -s**2 - 10*s - 7. Let m be r(-6). Calculate the highest common divisor of m and k.
17
Suppose -b + 170 = 208. Let h = 16 - b. Calculate the highest common divisor of h and 18.
18
Let h be (7 - (11 + -226)) + 0. Calculate the highest common divisor of 5439 and h.
111
Let w(v) = 4*v**2 - 9*v + 40. Let k(l) = -l**2 - l + 1. Let z(u) = 3*k(u) + w(u). Let h be z(7). What is the greatest common factor of h and 184?
8
Let o(v) = -v**2 + 2*v - 1. Let i(a) = 3*a**2 - 13*a - 124. Let d(w) = i(w) + 2*o(w). Let h be d(19). Calculate the greatest common factor of h and 224.
32
Let s(q) = q**3 - 38*q**2 - 124*q + 80. Let a be s(41). Calculate the highest common divisor of a and 741.
39
Let l(a) = -21*a - 51. Let f be l(-3). Calculate the highest common divisor of 93 and f.
3
Let r = -77 - -82. Let z be (0 + r - 5)/1. Suppose -4*x - 5*o + 109 = 0, 3*x + z*x - 84 = -3*o. Calculate the greatest common factor of 217 and x.
31
Let q = -353 + 394. Suppose -c = -q*c + 720. Let r be 2/1*-1 + 6. Calculate the greatest common divisor of c and r.
2
Suppose 3407 = 53*k - 5*k - 6241. What is the greatest common divisor of 14271 and k?
201
Suppose -8315 - 21893 = -59*x - 0*x. Suppose 3*b = -2*w + 48, 5*b - 2*w = 48 + 32. Calculate the greatest common divisor of b and x.
16
Let a be -7*(2 + 10/8*-2*2). Let n(u) = 55*u**2 + 2*u. Let o be n(2). What is the highest common factor of o and a?
7
Let v be -22 + 614 + (-28)/(-13) + (-10)/65. Calculate the highest common factor of 957 and v.
33
Suppose -2*z = d + 5, -4*d + 2*z + z + 24 = 0. Suppose 0 = 82*j - 81*j - 330. Let w = j - 303. What is the highest common divisor of d and w?
3
Let w(k) = 195*k**2 + 2*k + 7. Let j be w(-2). Suppose -12*y = 15*y - j. What is the greatest common divisor of y and 551?
29
Suppose 48 = -4*c + 12*c. Let q be (-1312)/(-20)*45/c. Calculate the highest common factor of q and 12.
12
Let h = 568 - 556. Calculate the highest common factor of h and 1626.
6
Let z = 27 - -21. Let c(i) = i**3 - 21*i**2 - i - 1032. Let f be c(23). What is the highest common factor of f and z?
3
Let v = 6116 + -6062. Calculate the highest common divisor of v and 6507.
27
Let o be (-147 - (-6)/3) + -5. Let n be ((-12)/(-9))/((-4)/o). Let v = 62 - n. What is the greatest common factor of v and 192?
12
Let j be (0 + 3666)/6*(-1)/(-1). Suppose -11*s = 2*s - j. What is the greatest common factor of 47 and s?
47
Suppose -89*y + 36*y + 15876 = -39*y. What is the highest common factor of y and 3528?
126
Let j(t) = 22*t**2 + 64*t - 138. Let u be j(-11). What is the greatest common divisor of u and 1400?
140
Let s(z) = -33*z + 49. Let x be s(6). Let p = 111 - x. Calculate the highest common divisor of 104 and p.
52
Let l = 308 - 158. Suppose -2*d = x - 3*d - 23, -l = -5*x - 2*d. Let i = x - 25. Calculate the greatest common factor of 33 and i.
3
Let f(o) = -2*o**3 + 153*o**2 + 891*o + 912. Let c be f(82). Suppose -16 = 4*b, 40 = -3*p + 5*b + 135. What is the greatest common factor of c and p?
5
Let r(o) = 3*o**2 + 14*o + 1. Let q be r(-6). Suppose 3*g + 0*l + 3*l = 33, -5*l = 2*g - q. Calculate the greatest common divisor of g and 90.
10
Let w(k) = 24*k**2 - 119*k - 1277. Let g be w(-11). What is the highest common factor of 8 and g?
8
Let s be 6 - 3/((2 - 13)/3487). Calculate the highest common divisor of 297 and s.
33
Let i(m) = -m**3 + 3*m**2 + m - 1. Let n be i(3). Suppose 9 = -n*l + 5*l. Suppose -23*r + 164 + 181 = 0. Calculate the greatest common divisor of r and l.
3
Let a be -9 - 1062/(-117) - (-973536)/104. Calculate the greatest common divisor of a and 759.
253
Let n = -2909 - -7693. What is the greatest common factor of n and 104?
104
Let v be ((-81)/(-2))/(0 + 3/6). Suppose -5*n - 2*c = -104 - v, -c - 200 = -5*n. Calculate the greatest common factor of 39 and n.
39
Let g be (-2 - (1 - 3)) + -2. Let t be g/(-4) + (-116)/(-8). Let o be (-966)/(-6) + (-20)/(-5). What is the highest common factor of t and o?
15
Let g(q) = -2*q**2 - 23*q + 420. Let r be g(-20). What is the highest common divisor of 752 and r?
16
Suppose 3 = -4*g + 11. Let b = 48 - 34. Suppose -j - 4*o + b = 0, -5*j - 11 = 5*o - 36. Calculate the highest common divisor of g and j.
2
Let m(l) = -l**3 + 15*l**2 - 25*l + 13. Let v be m(13). Let a(t) = t**2 - 21*t - 64. Let d be a(v). Calculate the highest common factor of d and 12.
6
Let a be 198/21 + (-3)/7. Let v be 22 + 10/2*a/(-9). Suppose 72 = 2*l - 302. Calculate the highest common factor of v and l.
17
Suppose -66 = -5*s - 6. Suppose -2*v + s*v - 60 = 0. Let g be (-162)/(-90)*2*5. What is the greatest common factor of v and g?
6
Let z(o) = -7*o + 4. Let n be z(-15). Let y = -91 + n. Let m be (y/5)/((7/60)/7). Calculate the highest common factor of m and 24.
24
Let r(x) = -544*x - 1008. Let s be r(-2). What is the greatest common divisor of 9080 and s?
40
Suppose -12*t + 4582 = -9*t + j, 0 = -2*t - 5*j + 3020. What is the greatest common divisor of 6 and t?
6
Let h(v) = 3*v**2 + 13*v - 17. Let z be h(-8). Suppose -51 = 2*w - z. What is the highest common divisor of 30 and w?
10
Let d(k) = 2*k + 12. Let u be d(6). Suppose u = 5*i - 51. Suppose -7*c - 51 + 261 = 0. Calculate the highest common factor of c and i.
15
Let l be (-168)/(-140)*1375/2. Suppose 33*i = 28*i + l. What is the greatest common divisor of 120 and i?
15
Let i(l) = 70*l**2 - l + 3. Let z = 855 + -854. Let x be i(z). What is the greatest common divisor of 99 and x?
9
Suppose -5*w + 2*l + 58 = 0, -2*w + 18*l - 21*l + 46 = 0. What is the greatest common divisor of 66 and w?
2
Suppose 136*v - 132*v - 2166 = -5*u, -2*u = -4. Calculate the highest common factor of v and 224.
7
Suppose 0 = -5*d - 5 + 135. Let b = d + -9. Suppose -b*g + 18*g - 88 = 0. Wha